factor of 8 and s?
8
Suppose -4*n + 5*k + 12 = -3, -25 = -3*n + k. Suppose p + 4*u - 796 = 0, 3*u + 2532 = 3*p + 6*u. What is the highest common divisor of n and p?
10
Let i = -5396 - -7128. Calculate the greatest common divisor of 8 and i.
4
Let l be (-3 - (40 + -1)) + 6. Let r be 1 + l*12/(-16). What is the highest common divisor of 49 and r?
7
Let c = 6422 + -6419. Calculate the highest common factor of 7 and c.
1
Suppose -5*h + 172 = -4*x - 159, 3*h + 2*x = 181. Suppose -h + 133 = 2*b. Calculate the greatest common divisor of b and 60.
5
Let r be (-424)/(-7)*(48 + -34). What is the greatest common factor of 3074 and r?
106
Suppose -3*b + 0 = 4*z - 4, 0 = -3*z - 6. Suppose 0 = t + b*r - 50, 0 = -2*t - 2*r + 75 + 7. Calculate the highest common divisor of 1026 and t.
38
Let m(x) = x**3 + 6*x**2 - 75*x + 14. Let s be m(-11). Calculate the highest common factor of 162 and s.
18
Let m = 1642 + -1502. Suppose 4*z = 3*u - 211 - 84, 2*u - 190 = 4*z. What is the greatest common divisor of u and m?
35
Suppose -5*v = 3*k - 24426, -176*k + 172*k + 24423 = 5*v. What is the highest common divisor of 27 and v?
27
Let s be (-248)/28 - (-1)/(-7). Let p = s - -57. Let o = -13 + p. Calculate the greatest common factor of o and 7.
7
Suppose 6*k = k + 110. Let h = -51 - -53. Let o be h + 81 - (-1 - 4). Calculate the greatest common factor of o and k.
22
Let u(m) = -m - 2. Let t be u(-5). Suppose -748 = -t*l + l. Suppose 5*w - s = 323, 47 - l = -5*w - s. Calculate the highest common divisor of w and 13.
13
Let t = 69 + -17. Suppose 2*l - 39 = 3*w + 58, 2*w - t = -l. Suppose -1 = -4*x + 39. Calculate the greatest common factor of l and x.
10
Let u be 187*(-47)/((-8272)/64). What is the greatest common divisor of 3757 and u?
17
Let u(w) = 130*w - 5837. Let a be u(45). What is the greatest common divisor of a and 12805?
13
Suppose 3*b - 869 = -167. Let d = -195 + b. What is the highest common factor of d and 65?
13
Suppose -8*c - 2*s - 1066 = -10*c, -4 = -2*s. Let x = 1093 - c. What is the highest common divisor of x and 18?
18
Let y be (-1 + 2)*(2 - -31). Suppose -64 = -4*n - 2*v, -n + v + 0*v + 16 = 0. Let l = y - n. What is the highest common divisor of 51 and l?
17
Let l be (-6)/((255/1610)/17). Let q = l - -868. Calculate the highest common divisor of q and 96.
32
Suppose 0 = -2*m + 2, 3*g - 5*m = -0*m + 55. Suppose 10 = 3*h - g. Let y = 332 - 312. Calculate the highest common factor of y and h.
10
Let g = 9 + 24. Let h(c) = -c**3 + 51*c**2 + 105*c + 383. Let v be h(53). Calculate the highest common factor of g and v.
33
Let w be 9/15 - 3591/(-15). Let o = 4674 - 4642. Calculate the highest common divisor of o and w.
16
Let j(z) = -z**2 - 9*z + 7. Let b be j(-8). Let m(t) = 22*t + 8*t**2 - 15*t**2 - 120 + 8*t**2. Let n be m(-27). What is the greatest common divisor of b and n?
15
Let w = 1767 - 1331. What is the highest common divisor of 981 and w?
109
Let g(i) = -i + 8. Let s be g(12). Let z(q) = 21*q + 30. Let j be z(s). Let m = 81 + j. Calculate the greatest common divisor of m and 27.
27
Let i be (17/(-153)*138)/((-4)/24). Calculate the highest common divisor of i and 7452.
92
Let a be 4/4 + -9*(-2 - 9). Suppose 0 = -32*c + 612 - a. What is the greatest common factor of c and 24?
8
Let a = 83531 + -83499. Let k(q) = 38*q**2 - 4*q - 2. Let r be k(5). Calculate the highest common factor of a and r.
32
Suppose -2*u - 1320 = -3*z, 3*z + 104*u - 1332 = 102*u. Calculate the greatest common factor of 26 and z.
26
Let t be 8/(0 - (-3)/9). Suppose -w - 3*a - 16 = -0*w, -t = 5*w + a. Let h be (-96)/(-3)*(-2)/w. Calculate the greatest common divisor of h and 144.
16
Let n = -884 - -958. Calculate the highest common factor of n and 4773.
37
Let x(o) = o**2 - 3*o - 3. Let m be x(5). Let q = 4871 - 4869. Calculate the greatest common divisor of m and q.
1
Let q(w) = 3*w - 37. Let a be q(14). Suppose a*x - 25 = 0, -4*d + 851 = -0*x + 3*x. Calculate the highest common divisor of 11 and d.
11
Suppose -4*b + 2*t + 740 = 0, -5*t = -52*b + 63*b - 2014. Calculate the highest common divisor of 2254 and b.
46
Let b = 1 + -1. Suppose -2*a - 3*z - 75 + 237 = b, 379 = 5*a + z. Let r = -25286 + 25301. Calculate the highest common factor of a and r.
15
Suppose -4*i + l + 0*l = -47, -4*i + 4*l + 56 = 0. Let f = -3154 - -3297. Calculate the greatest common factor of i and f.
11
Suppose -20*v - 6*v + 2990 = 0. Suppose -23*r = -161 - v. What is the highest common factor of r and 324?
12
Suppose 47547 = 46*q + 42947. Calculate the greatest common divisor of q and 865.
5
Let q = -6769 + 6829. What is the highest common factor of q and 3820?
20
Let g(a) = -a**2 + 7*a + 8. Let k be g(6). Suppose -4*f + j = -149, 0 = -9271*f + 9274*f - 2*j - 123. Calculate the highest common divisor of f and k.
7
Let i(t) = 8*t**2 - 75*t + 49. Let p be i(9). Calculate the highest common factor of p and 338.
2
Suppose 2*s - 3*h - 168 + 57 = 0, 213 = 4*s - 3*h. Let i be 9/4*680/s. Let m be (3/(i/(-8)))/(8/(-2400)). What is the greatest common divisor of 30 and m?
30
Suppose 0 = -2*s - 317 + 317. Suppose 5*c - 5*u - 210 = s, -3*c + u = -u - 124. What is the highest common divisor of 90 and c?
10
Suppose -2*x + 284 = -356. Suppose -x = 4*l - 9*l. Let f = -1944 - -1960. Calculate the greatest common factor of f and l.
16
Suppose -3*y = -2*f + 8751, 5*f + 4*y - 9*y = 21890. Suppose f = 2*v + 4289. What is the highest common factor of v and 188?
47
Suppose 3*v + 25 = -2*v, 22 = k + v. Let g = k - 22. Suppose -r + 25 = -0*s + g*s, 13 = 2*s + r. Calculate the greatest common divisor of 44 and s.
4
Let i = 98 + -102. Let l be (-114)/i*(36 - (-5 - -3)). Let f be 18/99 - l/(-33). What is the greatest common divisor of 165 and f?
33
Let a(p) = -p**2 + 18*p - 44. Let x(u) = -u + 1. Let h(g) = -a(g) - 5*x(g). Let n be h(10). Calculate the greatest common factor of 9 and n.
9
Let t = 14227 + -14172. What is the greatest common divisor of 2123 and t?
11
Suppose -32 - 3042 = -106*z. Calculate the greatest common factor of 22997 and z.
29
Suppose -f + 5*a = 3*f - 54, -20 = -2*f - a. Suppose -f*y = -2*y - 7200. Calculate the highest common factor of 25 and y.
25
Suppose -4*h = 2*z - 20, 6*z + 3*h = 8*z - 55. Suppose -z = -4*v, v + 175 = -4*o + 7*o. What is the greatest common factor of o and 30?
30
Let l be (-3 - 21/(-6))/(20/1160). Let r = 7 - 2. Suppose -2*b + 116 = 2*c, c - r*b - 116 = -c. Calculate the highest common divisor of l and c.
29
Let y = -3718 - -3720. Suppose 4*t - 4 = -0*t. Suppose -y*r + 89 = -t. What is the highest common divisor of r and 5?
5
Let v(d) = -d**3 + 20*d**2 + 23*d - 94. Let i be v(19). Calculate the greatest common divisor of i and 832.
64
Let z be (-22428)/(-70) - 4/10. Suppose 3*p - 8*p = -z. Calculate the highest common factor of 24 and p.
8
Suppose 0 = -5*x + 5*u + 20, -6*u = -4*x - u + 18. Suppose 4 = -i, 5*y + 2*i + x*i = 1664. Calculate the greatest common factor of y and 21.
21
Suppose -5*c + 124 = -4*d, 0 = -5*c - 4*d + 98 + 18. Calculate the highest common factor of 9336 and c.
24
Let s be -1 - -215 - (17 - 22). Let w = s - 102. What is the greatest common divisor of 26 and w?
13
Let r(t) = -32*t - 4*t + 119 + 31*t. Let m be r(0). What is the greatest common divisor of m and 136?
17
Let o = -212 - -65. Let l = o - -172. Let a be ((-25)/(-15))/(2/150). What is the greatest common divisor of l and a?
25
Let v be (-3)/((-4)/(1472/6)). Let y = -328 + 185. Let n = y - -166. Calculate the greatest common factor of v and n.
23
Let y(f) = -734 + 749 - 13*f + 0*f. Let o be y(-3). Calculate the highest common divisor of 216 and o.
54
Let f be (29 + -37)*(-30)/4. Let t = f + -54. What is the greatest common factor of 3 and t?
3
Suppose -8*j - 4*k + 20 = 0, -25 = 2*j + 4*k - 27. Let s be 1 - ((0 - 11) + 0). Calculate the highest common factor of j and s.
3
Let p be 28/3*(-204)/(-16). Suppose -5*v + 26 = 3*r, 66 = 3*r - 0*v - 3*v. What is the highest common divisor of r and p?
17
Suppose 2892 + 907 = d + 5*r, 0 = 4*d + 2*r - 15268. What is the highest common divisor of d and 285?
57
Let b = 46 - 32. Let n be (1 - -1) + 4 + 2. What is the greatest common divisor of n and b?
2
Suppose -n = -5*v + n + 800, 5*n - 640 = -4*v. Let g(r) = -15*r**2 - 678*r + 2046. Let x be g(-48). Calculate the highest 